be v(4). Suppose -4*q + j = -32, 0*q + 10 = d*q - 2*j. Is q a prime number?
False
Let p = -361 + 1058. Is p a composite number?
True
Suppose -7*h + 3*h + 4*z = -404, -3*h + 4*z + 308 = 0. Suppose 17 - h = -q. Is q composite?
False
Let m(n) = 45*n**3 + 2*n**2. Let a be m(2). Suppose -4*h = -l - 1491, 0*h - h + 5*l + a = 0. Is h a prime number?
True
Suppose -2*p + 166 = -c, 7 = 3*p - 2*c - 242. Is p a prime number?
True
Suppose 0 = 2*r + 5*g, -5*r + 2*g + 19 = -2*r. Let h = r + -2. Suppose -q - h*o = 3, 4*q + o - 1 = 9. Is q a prime number?
True
Let w(m) = 26*m + 3. Is w(7) composite?
True
Suppose -i - 10 = -2*r + 4*r, 0 = 2*i. Let x = -1 - 1. Is 11/3*(x - r) a prime number?
True
Suppose -2*s + 7*a - 2*a = 251, -2*a = -5*s - 659. Let x = s + 92. Let k = x + 62. Is k a prime number?
False
Let s(n) = n**3 - 6*n**2 - 8*n + 3. Let m be s(7). Let p = -98 - -69. Let o = m - p. Is o a prime number?
False
Let g(a) = a**3 - 7*a**2 + 5*a. Let z be g(6). Let y be (-340)/z + 2/(-3). Suppose -6*m = -2*m - y. Is m a composite number?
True
Is -1229*(2/(-10) + 168/(-60)) prime?
False
Let b(w) = -75*w - 1. Is b(-1) a composite number?
True
Let x(f) = -24*f**3 - 4*f**2 - 3*f + 1. Let u = -5 - -3. Is x(u) a prime number?
False
Suppose -3*h + 8712 = 2*j + 176, -4*h - 8 = 0. Is j composite?
False
Let q(b) = 10*b + 4. Suppose -p = 4*p - 40. Let i be q(p). Let a = 35 + i. Is a prime?
False
Suppose 20*c - 10113 = 17*c. Is c composite?
False
Let w be 1/(-3)*0*-1. Suppose w = 3*p - 0*p + 9. Is 260/8 + p/2 a composite number?
False
Suppose -2*x + 796 = 3*r - 40, 0 = x + 3*r - 421. Is x prime?
False
Suppose -1296 + 339 = -3*k. Is k composite?
True
Let u(a) = -41*a + 1. Let t = 14 + -10. Suppose -3*v - 26 = -t*y, -5*v + 2*y = -0*v + 20. Is u(v) prime?
True
Let b be 47 - (-3 + 2 - 0). Suppose 2*c + 0*c = -b. Let n = c - -75. Is n prime?
False
Let g(b) = -b**3 + 5*b**2 + b + 5. Let v be g(5). Suppose l - 87 - v = 0. Is l composite?
False
Suppose 279 = u - 1082. Is u composite?
False
Let d be (10/(-4))/((-4)/8). Suppose -u = -d*u + 996. Is u prime?
False
Let d = 9 + -4. Suppose t = 3*n - 8*n + 743, d*n = -2*t + 741. Is n composite?
False
Suppose 11 = -4*k + 3*n, -6*k + k + 2*n = 5. Let r(h) = h - 1. Let y be r(k). Suppose 12 = 4*x, 5*c + y*x = 4*x + 253. Is c a prime number?
True
Let q = -15 - -10. Let w(l) = -24*l - 1. Is w(q) prime?
False
Let p(q) = 2*q + 2. Let a be p(3). Let r = -5 - -7. Let y = a - r. Is y composite?
True
Suppose -44 = -4*o + 4. Let j = 49 - o. Is j composite?
False
Suppose -s + 4*u + 719 = 25, -4*u - 3454 = -5*s. Let a = 995 - s. Is a a prime number?
False
Let u be 8*(9/(-6) - -2). Suppose 0*o + 5*g + 6 = 2*o, -12 = -u*o + 5*g. Suppose m = o*m - 14. Is m prime?
True
Let l be 3 + -1 + (0 - -36). Let o be ((-3)/6)/((-2)/12). Suppose -l = -o*n + n. Is n prime?
True
Let z = -6 - -1. Let c = z - -5. Suppose -r + 218 = 4*j, 6*j - 2*j - 5*r - 230 = c. Is j a composite number?
True
Let u be 0/2 - (-6 - -4). Suppose u + 1 = -b. Is (-2)/(-6) + (-8)/b prime?
True
Suppose -2*u = 2*u. Let g(k) = 3*k + 18. Let m be g(11). Let x = m + u. Is x a prime number?
False
Suppose 3 = -k, -5*k - 91 = -4*s + 336. Let o be ((-20)/(-8))/((-2)/(-40)). Let c = s - o. Is c prime?
True
Let m(w) = -18*w**3 + 2*w**2 - w + 2. Is m(-3) a composite number?
False
Suppose 5*f - 4*f - 39 = 0. Suppose 12 = -3*q - c + f, 5*c = 3*q - 27. Let s(v) = 20*v + 5. Is s(q) prime?
False
Suppose 2 + 3 = y. Suppose -5*d + 2*m + 861 = m, -d - y*m = -193. Suppose -4*v + f + 88 = -53, 0 = 5*v + 2*f - d. Is v composite?
True
Let y(p) = p - 3. Let f be y(-6). Is (12/(-4))/(f/33) a composite number?
False
Let j = 115 + 226. Is j a prime number?
False
Suppose 0 = 6*j - j + v - 20, 0 = 2*j + 2*v - 8. Suppose j*z = -4*d + z - 7, 5*z = -3*d - 8. Is (-37)/(-1 - -2)*d prime?
True
Let p(m) = -9*m + 7. Suppose 4*y + 7 = -17. Let r(t) = -8*t + 6. Let q(n) = y*r(n) + 5*p(n). Is q(8) a composite number?
False
Let a(b) = 6*b**2 + 7*b - 8. Let k be a(7). Suppose 2*u = -3*u + k. Is u composite?
False
Suppose 4*t - 84 = 2*t. Suppose -n - 9 = -t. Is n composite?
True
Let r be 3/(-2 - (-438)/218). Suppose -4*i + 1195 = r. Is i prime?
False
Let k = -18 - -39. Is k prime?
False
Let r be -2 - 2/(-4)*6. Let a be -213 + -3 + 3 + r. Is (4/8)/((-2)/a) composite?
False
Let r(b) = 58*b + 49. Is r(19) a prime number?
True
Let h = 9 - 5. Is 49 + (h - 3) + 1 a prime number?
False
Let j be 1/(-2)*(146 - 0). Let t = 131 + j. Is t prime?
False
Let a(i) = 11*i**3 + i**2 - 3*i + 3. Is a(2) prime?
True
Suppose 2*m + 0*m = 254. Is m a composite number?
False
Suppose 2*s + 15 = 3*s + 4*t, 18 = 5*s + t. Is s prime?
True
Let g(b) = 2*b + 5. Let l be (4/(-3))/((-4)/12). Is g(l) prime?
True
Let m(a) = -a**2 + 16*a - 7. Suppose 2*n + 5*x = 48 - 1, -3*n + 74 = 4*x. Let g be (n/(-14) + 1)*-7. Is m(g) a prime number?
True
Is (1 - -71)*20 - (-1)/(-1) a composite number?
False
Suppose 0 = -2*v + 3*v - 3, -5*w + 3*v = 294. Let z(d) = 13*d**2 - 2*d + 1. Let o be z(3). Let y = w + o. Is y prime?
False
Let g = 13 + -9. Is (-24)/(-15) + g/10 prime?
True
Suppose 18 = 4*v + 4*o - 3*o, 0 = -4*o - 8. Suppose -10 = i + i, v = w - i. Suppose w*t - 2*g + 126 = 2*t, 3*t + 4*g = 193. Is t a prime number?
True
Let l be (-4)/4 - 6/(-2). Let t(f) = 2 + 6*f - f**l + 6*f**2 - f**3 - f. Is t(-3) a prime number?
True
Suppose 0*c = -c + 12. Is 3*(332/c)/1 a composite number?
False
Let p(w) = w**2 - 6. Let x(f) = 4*f - 3. Let b be x(3). Let l be p(b). Suppose -z = 4*z - l. Is z prime?
False
Suppose -5*q = -3*q - 92. Suppose q = -5*r - 169. Let z = r - -77. Is z a prime number?
False
Let k be -1 + 4 - (-1 + 1). Suppose -k*b + 13 + 15 = l, -3*l = -5*b + 70. Is b a composite number?
False
Let p(d) = 2*d**2 + 8*d - 9. Is p(-10) a prime number?
False
Suppose 5*f = f - 5*i + 1109, -5*f + 1375 = 4*i. Is f a composite number?
False
Suppose m = 3*b + 40, -4*b - 144 = m - 5*m. Is m prime?
False
Let v = 528 - -127. Is v prime?
False
Let v = 0 + 4. Suppose -3*k + 3*y - 166 = v*y, 0 = 2*k + 2*y + 108. Let r = 87 + k. Is r prime?
True
Suppose 2*q = -b + 3 + 15, -4*b + 39 = 5*q. Suppose -p + q + 2 = 5*j, -3*p = -3*j - 111. Is p composite?
True
Is (-4614)/(-24)*-2*-2 a prime number?
True
Let d be (50/(-3))/(14/147). Let l = d + 470. Is l a composite number?
True
Let q = 31 - 53. Let f = 110 - 75. Let a = f + q. Is a composite?
False
Let r(x) = 7*x**2 - x - 2. Let g be r(-2). Let f(b) = -b**2 - 7*b - 1. Let n be f(-5). Let p = n + g. Is p composite?
False
Let q(u) = -2*u - 3. Let f be q(-4). Suppose -754 - 218 = -3*b - m, -f*b = -5*m - 1600. Is b prime?
False
Let z(t) be the first derivative of -5*t**3/2 - t + 1. Let u(k) be the first derivative of z(k). Is u(-1) prime?
False
Let c(v) = v**3 + 22*v**2 + 44*v + 3. Let x be c(-20). Suppose -5*a + 3*s - 354 - 210 = 0, -4*a + 3*s = 450. Let w = x - a. Is w a composite number?
False
Let y = -1 - 2. Let w = 24 + y. Is w composite?
True
Let f(q) = -24*q**3 - 9*q**2 + 10*q + 16. Is f(-5) a prime number?
True
Let g(u) be the second derivative of 29*u**3/6 - 3*u**2/2 + 4*u. Is g(4) a composite number?
False
Let s = 3011 - 1038. Is s a composite number?
False
Let h(w) = -2*w - 4*w - 41*w. Is h(-1) prime?
True
Suppose -7*h = -8*h + 4637. Is h composite?
False
Let b(u) = -3*u. Let v(y) = -y. Let f(z) = -6*b(z) + 17*v(z). Let h be f(2). Suppose -5*t + 159 = -h*t. Is t composite?
False
Is 0 - 6093/18*(-3 + 1) composite?
False
Let z(s) = s**2 + 5*s + 3. Suppose -2*j = j + 30. Is z(j) a prime number?
True
Let c(y) = 7*y + 4. Suppose -5 = -3*u + 16. Is c(u) a prime number?
True
Let c(n) = -7*n**3 + 2*n**2 + n - 7. Let v(a) = -20*a**3 + 6*a**2 + 3*a - 20. Let r(x) = -8*c(x) + 3*v(x). Is r(-3) a prime number?
False
Let u(z) = z**3 + 2*z**2 - 7*z - 7. Is u(6) prime?
True
Suppose 21 = -0*v + 3*v. Let f = v + 4. Is f a composite number?
False
Let y(k) = 18*k + 4. Is y(5) a composite number?
True
Let r(u) = -12*u - 3. Is r(-3) a prime number?
False
Let b(n) = 5*n**2 - n + 6. Let v(i) = i**2 + 1. Let s(c) = -b(c) + 6*v(c). Let d be s(-2). Suppose -5*k + 25 = 2*g, -k - 17 = -2*g - d*g. Is k prime?
True
Is 1*(0 - -14)*35 - -1 a prime number?
True
Let n(t) = 8*t**2 + 14*t - 8. Is n(5) a composite number?
True
Suppose t - 2*t + 437 = 0. Is t a prime number?
False
Let o 